List the prime factors of 4/(-2) + (0 - d).
2
Suppose 0*b - b = -3. Suppose -b*k + 25 = -2*k. Suppose 19 + k = 4*u. List the prime factors of u.
11
Suppose 0 = -7*j + 104 - 27. What are the prime factors of j?
11
Let z(h) = 2*h + 10. Let a be z(-7). Let g = a + 7. Suppose 2 = -f - g*d + d, -3*f - d = -9. What are the prime factors of f?
2
Suppose 18 = -0*n + 2*n. Let h = n - 6. Suppose -g = -26 + h. List the prime factors of g.
23
Let o = 305 + -128. What are the prime factors of o?
3, 59
Let s be 3*-1 + -2 + 8. Suppose 0 = 7*r - s*r - 24. List the prime factors of r.
2, 3
List the prime factors of 8/6*450/15.
2, 5
Suppose -v - 3*p + 2 = 1, -3*p = -3*v - 21. Let j = -7 - -5. Let r = j - v. List the prime factors of r.
3
Let p(v) = -v**2 + 5*v - 3. Let h be p(4). Suppose 4 = 3*r - 4*d + 2, d = -5*r - 12. List the prime factors of (h/3)/(r/(-66)).
11
Let g be 7/(-28) - (-13)/4. List the prime factors of (6/(-4))/g*-28.
2, 7
Suppose 0 = 5*w - 537 - 748. What are the prime factors of w?
257
Let r = -300 + 594. What are the prime factors of r?
2, 3, 7
Let o(t) = -18*t - 7. List the prime factors of o(-4).
5, 13
Let h be (-9)/(-4)*64/12. Let g = h - 6. What are the prime factors of g?
2, 3
Suppose -4*d = -51 + 11. Let p = d + -5. Suppose p*z - 33 = 2. What are the prime factors of z?
7
Let p(m) = -2*m**3 - 8*m**2 + 4*m + 5. What are the prime factors of p(-7)?
271
Suppose u - 4*u = -6. Suppose 5*y + 46 = 4*o, y - u = -0*y. List the prime factors of o.
2, 7
Suppose 3*h - 19 + 3 = 5*y, 0 = -5*y + 20. Suppose -h = -4*d - c - 5, -3*d + 4 = 2*c. What are the prime factors of 216/21 - d/7?
2, 5
Let x = -23 + 34. Suppose -5*f - 2*l + 100 = 0, -2*f = -l - 60 + x. What are the prime factors of f?
2, 11
Let m = -73 + 133. What are the prime factors of m?
2, 3, 5
Suppose 3*a - 3*y + 68 = 182, 137 = 4*a - y. Let d = -7 + a. List the prime factors of d.
2, 13
Suppose 0 = 5*p - 2*d - 9, 4*d = -2*p - 2*p + 24. Suppose -p*z + 3 = -2*z. Suppose 0 = z*b - b - 22. List the prime factors of b.
11
Let w = 137 - 57. Suppose 0 = v - o - 12, 3*v - w = -v - 4*o. What are the prime factors of v?
2
Suppose 15 = 5*g + 2*r - 4*r, 0 = -2*g + r + 5. Suppose 3*o + 3*f = 174, 3*f + 274 = g*o + 4*f. What are the prime factors of o?
2, 3
Suppose 5*g - g - 64 = 0. Suppose 0 = -2*n - t - 14, -6*t = -n - 2*t - g. Let m = 12 + n. List the prime factors of m.
2
Let r = -59 + 110. List the prime factors of r.
3, 17
Let h = 5 - -65. List the prime factors of h.
2, 5, 7
Suppose -5*l - 24 = 31. Let t = -7 - l. What are the prime factors of t?
2
Suppose 0 = a - 5, 12 = f - 0*f + a. Suppose 4*z = -3*x - f, 2*x + 2*x + 24 = 2*z. What are the prime factors of (z + -15)/(-1) - -2?
3, 5
Let t be 31/5 - (-2)/(-10). Suppose 4*l - 56 = -4*w, 0 = l + 2*w - t - 9. What are the prime factors of l?
13
Suppose 7 = v + 4. List the prime factors of v.
3
Let g = 546 + -371. List the prime factors of g.
5, 7
Let d = 47 + -32. Let z = d + -10. Suppose z*q - 40 = -5*m, m + m - 4 = q. List the prime factors of m.
2
Let b = -1 + 3. Suppose -3*y + b*w + 44 = 0, -5*y + 4*w + 70 = -6. What are the prime factors of (-16)/3*y/(-8)?
2
Suppose 4*a - 36 = -0. Suppose -a*f = -4*f - 10. List the prime factors of f.
2
Suppose 0 = -5*w - 20, -12 = 2*o - 4*w - 28. Suppose o = -v - 0*v + 33. Suppose 5*t - v = -4*m, 0 = 2*m - 5*t - 12 + 3. List the prime factors of m.
7
Let x(r) = 3*r**2 + 7*r + 1. Let u be x(-6). Suppose -3*m + 8*y - 3*y + 94 = 0, 2*m - u = -y. What are the prime factors of m?
3, 11
Let t = 5 - 2. Suppose -t*q - q = 12. List the prime factors of 5/(q*(-2)/18).
3, 5
Let y(v) be the third derivative of 7*v**4/24 - 2*v**2. Let r(n) = n**3 + n**2 - 1. Let o be r(1). What are the prime factors of y(o)?
7
Let r(t) = -30*t**2 + t. Let z = -1 - 0. Let k be r(z). Let i = -19 - k. List the prime factors of i.
2, 3
Let y(w) = w**3 - 3*w**2 - 4*w + 6. Let g be y(4). Let o(l) = -g + l**3 - 4*l**2 + 4*l - l - 4*l + 4*l. What are the prime factors of o(4)?
2, 3
Suppose 5*z - 3 = 2*d + 11, 0 = 2*d - 4*z + 18. Let g = 30 + d. What are the prime factors of g?
13
Let s(w) = -132*w - 21. What are the prime factors of s(-3)?
3, 5
Suppose -4*s + 691 = 5*v, 2*s - 2*v - 131 - 201 = 0. List the prime factors of s.
13
Let k = 129 + -89. Suppose -q - 1 - 3 = v, 0 = -q. What are the prime factors of (6/v)/((-12)/k)?
5
Let m(c) = -6*c + 1. What are the prime factors of m(-3)?
19
Suppose -4*f + a + 0*a = -588, 0 = -4*a - 16. What are the prime factors of f?
2, 73
Let c(q) = -q**3 - q**2 + q + 1. Let t be c(-1). Suppose t = 3*b - 2 - 10. Suppose b*o - 5 = 23. List the prime factors of o.
7
List the prime factors of 9*(-2)/(8/(-12)).
3
List the prime factors of 4 + 0 - (-120)/2.
2
Suppose 0 = 5*w - 3*o - 14, 2*w + 0*o - o - 5 = 0. Suppose 5*f + w = -3*y, 0 - 22 = -4*y + 5*f. List the prime factors of y.
3
Let u(v) = 1 + v + 0*v - v + v. Let r be u(-2). List the prime factors of 2 - (r - (1 + 1)).
5
Let f = -5 - -5. Let g(m) = -m + 3. List the prime factors of g(f).
3
What are the prime factors of (-12)/8*(-1 + -1)?
3
Let h(u) = 2*u**2 - 3*u + 2. Let p be h(2). Let g be (-1)/(-4) + (-2)/8. Suppose 4*l = -p*o + 24, 18 = -g*l + 5*l + o. What are the prime factors of l?
3
Let c(j) = j**2 + j + 7. Let z be c(0). Let r be 1*2 - (7 - z). Suppose r*k = 3*k - 10. What are the prime factors of k?
2, 5
Let c = -10 - -10. Let y(r) = r + 14. What are the prime factors of y(c)?
2, 7
Let h = -105 + 192. List the prime factors of h.
3, 29
Let j = 56 + -33. Suppose 2*g - 182 = -4*h, -5*h + 5*g - j + 273 = 0. What are the prime factors of h?
47
Suppose -c = 4*v - 74, c - 99 = -3*v - 24. Suppose -2*l = l - c. Suppose 5*p - 29 - l = 0. List the prime factors of p.
11
Let z(i) = 12*i**2 - 2*i - 1. Let v(k) = 2*k + 4*k - 6 - 3*k**2 + 2*k**2. Let s be v(5). List the prime factors of z(s).
13
Suppose 12 = 2*d - d. Let y be d*(-3 - 0)/3. Let r = y + 20. List the prime factors of r.
2
Let t(o) = 2*o**2 - 6*o + 2. Let g be t(4). Let n(s) = -s**3 - 8*s**2 + 2. Let u be n(-8). Suppose g + u = v. List the prime factors of v.
2, 3
Let t be (-38)/(-4) - 1/(-2). List the prime factors of 4/t - (-266)/35.
2
Suppose 3*r = 120 + 18. List the prime factors of r.
2, 23
Let x = 30 + -4. Suppose 32 = 5*m - 2*i + 114, -3*m - 47 = i. Let f = x + m. What are the prime factors of f?
2, 5
Let s be (-5)/(-10)*24/2. Suppose h = 35 - s. What are the prime factors of h?
29
Suppose -k + 541 = 5*l, 0 = 2*l + 2*l - k - 431. Suppose 2*t = -t + l. List the prime factors of t.
2, 3
Suppose 7*a = 137 - 11. What are the prime factors of a?
2, 3
Suppose -2*s - 2*j = -140, -5*s - 2*j = -j - 362. What are the prime factors of s?
73
Suppose -5*q = 3*y - 15, -y - 2*q + 5 = -0*q. Let p(s) = 10*s + 2. What are the prime factors of p(y)?
2, 13
Let c = -3 - -9. Let y = 26 - c. List the prime factors of y.
2, 5
List the prime factors of (83*1/2)/(31/124).
2, 83
Let l(v) = -v**3 - 15*v**2 - 11*v + 1. Let x be l(-14). Let b = x + 58. What are the prime factors of b?
17
Let o = -1 + 1. Let j(u) = u + 51. Let p be j(o). Suppose -5*f - z - 14 + p = 0, 2*z + 24 = 4*f. What are the prime factors of f?
7
Suppose -69 = -4*m + 15. List the prime factors of m.
3, 7
Suppose -161 = -3*m - 4*m. What are the prime factors of m?
23
Let s = -7 - -40. List the prime factors of s.
3, 11
Let u be (0/1)/(-6 + 4). Let n(z) = z**2 + 2*z - 3. Let s be n(2). Suppose 5*f = 4*i + 10 + 46, -5*i + s = u. List the prime factors of f.
2, 3
What are the prime factors of (-512)/(-20) + (-4)/(-10)?
2, 13
Let y = 14 + -6. Let n(z) = 2*z**2 - 4*z + 2. Let l be n(6). List the prime factors of 12/y - l/(-4).
2, 7
Suppose -3*x + 0*t + 39 = 3*t, 5*t = 5. Suppose -5*n = 4*q - 175, -q + 13 = -5*n - x. Let u = -27 + q. List the prime factors of u.
13
Let j = 7 - 5. Let p(q) = -q**2 - 2*q + 1. Let s(d) = -d + 1. Let m(h) = j*s(h) - p(h). What are the prime factors of m(4)?
17
Let h = 12 - 4. Let t(g) = g**3 - 8*g**2 - g + 8. Let p be t(h). List the prime factors of (p - 2)/(-2) - -19.
2, 5
Suppose 0*s = 4*s - 168. Let p = s + -25. List the prime factors of p.
17
Let w(s) = 3*s + s - 2 + 4*s**2 - s**2. Let b be w(-4). Let p = -16 + b. What are the prime factors of p?
2, 7
Let f(i) be the second derivative of i**4/12 - i**3/2 + 5*i**2/2 - 5*i. What